- (-4 - h/(-4))) + 3037 prime?
True
Let h = 40 - 21. Let a(o) be the first derivative of o**4/2 - 32*o**3/3 - 12*o**2 + o - 338. Is a(h) a composite number?
True
Let l = 68446 + -11889. Is l a composite number?
True
Suppose 211*p - 316213545 = -132*p - 2*p. Is p a prime number?
True
Let w(i) = -4*i**2 + 13*i + 17. Let l(t) = 3*t**2 - 12*t - 16. Let h(j) = -5*l(j) - 4*w(j). Let o be h(-7). Is (1 - -316)/((-5)/o*-1) a prime number?
True
Let k(u) = 5 - u**3 - 7*u**2 + 4 + 105*u - 113*u. Is k(-10) a prime number?
True
Is 32861 - (1 + -2) - (43 - 50) prime?
True
Suppose -471 = -18*v + 15*v. Suppose 0 = 153*k - v*k + 8212. Is k a composite number?
False
Suppose 3*m + 62*m = -73*m + 31270938. Is m a composite number?
False
Suppose 212*d - 9907786 = 185686594. Is d a prime number?
False
Let i(g) = 63*g**3 - 16*g**2 + 20*g + 43. Is i(4) composite?
True
Let a(f) = -71*f - 72. Let h be a(-11). Is h/(-2)*(3 - (11 - 6)) a prime number?
True
Let l(c) = 9901*c**3 - 15*c**2 + 32*c + 31. Is l(5) a prime number?
True
Let c(b) = 13*b + 16. Let k be c(-8). Let v = -79 - k. Is (-1 - (-3)/(v/(-858)))*-1 prime?
False
Is (992/868)/(4/7)*2349279/6 composite?
True
Let c = 71 + -122. Let i = 53 + c. Suppose u - 11187 = -k - 4*k, u = i. Is k a composite number?
False
Let p = 4229 - 1049. Suppose 0 = -3*x + 13551 - p. Is x a composite number?
False
Let u(g) = -g**3 - 40*g**2 + 105*g + 99. Is u(-44) composite?
True
Let q(o) be the second derivative of 17*o + 11/6*o**3 - 1/20*o**5 + 0 + 1/12*o**4 - o**2. Is q(3) a composite number?
False
Suppose 220 = 26*u + 18*u. Suppose -2*x + u*o = -27266, -2*x + o = -10450 - 16832. Is x a prime number?
False
Suppose -39*a - 13200 = -55*a. Let h = a - -2254. Is h composite?
False
Suppose -y - 4*v - 33 = 0, 2*y - 195 = 7*y + 5*v. Let c = 40 + y. Is (2 + c)*-1 + 52 a prime number?
False
Suppose 171*k - 159*k = 1001772. Is k a prime number?
False
Suppose -18*l - 55 = -23*l. Let u(o) = -4*o**2 + 19*o + 5. Let w(m) = m**2 - 6*m - 2. Let k(t) = -2*u(t) - 7*w(t). Is k(l) composite?
True
Is -4 + 13002/(13 - 7) + -4*1 composite?
True
Let k(s) be the second derivative of 11*s**4/12 + 59*s**3/6 + 11*s**2/2 - 81*s. Is k(-30) a prime number?
False
Let w be (-3)/9 + 30/9. Suppose 8180 = 7*r - w*r + 2*q, 5*q - 8180 = -4*r. Is r a composite number?
True
Suppose i + 229*j - 231709 = 231*j, 4*j - 231685 = -i. Is i a prime number?
True
Let d be 774/(-12) + -4 + (-36)/(-8). Is (-1 - 7962)*64/d a composite number?
False
Let o = 209 + -117. Is o/(-69) - (1 + 6476/(-6)) prime?
False
Suppose 26*n - 198120 + 18934 - 867340 = 0. Is n a composite number?
True
Let o = -117 - -80. Let k = 52 + o. Suppose 3*c - k = 12. Is c a prime number?
False
Suppose 97*x = -a + 100*x + 1035926, -x + 9323418 = 9*a. Is a composite?
True
Let y be 645/86*(-20)/(-6). Suppose 0 = 28*l - y*l - 3207. Is l a prime number?
True
Suppose 4*f + 5521 = -3*y + 40192, -5*f + 34671 = 3*y. Let t = -6708 + y. Is t a prime number?
False
Let q = -3 - -4. Let m(c) = -449 + 190*c + 385*c - 125*c + 448. Is m(q) a prime number?
True
Is (7/(-21))/(3/(-44883) - 0) a prime number?
True
Let x(p) = 31*p**2 - 62*p - 257. Is x(42) composite?
True
Let j(w) = 6*w**2 + 11*w + 3. Let i(r) be the second derivative of -r**4 - 7*r**3/2 - 3*r**2 - 3*r. Let v(n) = -3*i(n) - 5*j(n). Is v(-11) a composite number?
False
Suppose 0 = -5*w + 3*h + 70724, 2*w - 5*h - 17304 - 10997 = 0. Is w a prime number?
True
Suppose 0 = b + 5*h - 2*h + 1, -2*b + 3*h = -16. Suppose -b = -5*c, 4*c - 7*c = -3*x - 9. Let d(t) = 129*t**2 + 2*t - 1. Is d(x) a composite number?
True
Let i(h) = -40*h**3 + 6*h**2 - 9*h - 7. Let p = -259 + 253. Is i(p) a composite number?
True
Let q = 14938 - 9556. Suppose q + 53467 = 7*v. Is v composite?
True
Suppose -4*k + 5*r = -2856, 4*r - 606 + 3462 = 4*k. Let c be 18/(-45) - (-85)/25. Suppose 0 = c*z - 471 - k. Is z prime?
False
Let z = -27159 + 49897. Is z a prime number?
False
Let w = 1361 + -2315. Let b = w + 4045. Is b a prime number?
False
Suppose -6*c - 1 - 11 = 0. Let b be (c/4)/((-22)/220). Suppose 0*v = 3*q + 5*v - 22204, 0 = -b*v - 5. Is q prime?
False
Suppose -5*f = -546175 - 49210 - 506030. Is f prime?
False
Suppose 0 = 4*a - 4*j - 3230132, 2744594 = 5*a - j - 1293047. Is a prime?
False
Suppose 2*u - 60 = -5*n - 3*u, -3 = -u. Let k(l) = 10 + 0 + 7*l + n + 17*l**2 - 2. Is k(-5) a prime number?
False
Let m(o) = 10173*o + 1342. Is m(7) a prime number?
False
Let o(v) = -4*v - 11. Let f(s) = -s + 1. Let r(w) = -3*f(w) - o(w). Suppose 2*g - 25 = -3*g. Is r(g) a prime number?
True
Suppose 0 = -18864*p + 18862*p + 304322. Is p a prime number?
False
Let r(u) = u**2 + 2*u - 1. Suppose 22*d = 26*d + 20. Let z be r(d). Is 2 + 7 - z/7 a prime number?
True
Let i(a) = -238*a + 68. Let f be i(12). Is ((-78)/(-8))/((-51)/f) prime?
False
Let f(c) = 2*c - 7. Let k be f(5). Suppose 5*o = 4*i - 6 - 0, -o + i = 2. Suppose -2*a - 5*d = -407, -o*d - k*d - 196 = -a. Is a composite?
True
Suppose 0 = 329*b - 6479601 - 6135246. Is b a composite number?
True
Let j(v) = -2*v + 18. Let d = 25 + -18. Let g be j(d). Is (-23)/(((-1)/g)/(53/4)) prime?
False
Let g be 11838/4*-2*18/(-27). Let m = g + -2183. Is m composite?
True
Is 35414 - 4*77/28 composite?
True
Let n(g) be the third derivative of -g**6/120 + g**5/6 + 23*g**4/24 + 17*g**3/6 + 45*g**2 + g. Let f be ((-1)/(-2))/(4/88). Is n(f) a composite number?
False
Let k be ((-69)/(-6))/(1/(4/2)). Suppose 30*a + 1757 = k*a. Is (a/(-1))/(2 - 1) composite?
False
Is (1 - (7 - 8))*(-245662)/(-4) a composite number?
True
Let s = -378 + -621. Is (926/(-3))/(18/s) a prime number?
False
Let j(k) = 354*k**2 + 25*k - 5. Let p be j(-4). Is (253/44)/(-1 - p/(-5556)) prime?
False
Suppose 0 = 12*z + 8*z - 460. Suppose -3*j = -z*j + 346340. Is j prime?
True
Suppose 4*x - 5*o = 185283, -130*o = 4*x - 127*o - 185323. Is x prime?
True
Is (6/(-30))/(-1) + (-10204764)/(-30) prime?
False
Let v be ((-7)/((-56)/(-20)))/(2/(-4)). Suppose -642 = 5*g + p, p - v*p = -5*g - 632. Let c = g - -289. Is c composite?
True
Suppose -3*f - 25835 = -5357. Suppose 24*g = 44 + 28. Is f*-2*g/12 a prime number?
True
Let n be (-4)/(-5) - (155/(-25) + 6). Let f(v) = 14*v - 2. Let h be f(n). Is 4539/2*8/h composite?
True
Let f(a) = -a**3 + 7*a**2 - a - 9. Let c be f(6). Let i = -24 + c. Is (-2817)/(-18) + i/(-6) prime?
True
Let s be (-1826)/33*5067/(-6). Suppose -38101 - s = -34*x. Is x a composite number?
True
Suppose -24*l + 13941880 = -4*l + 20*l. Is l a prime number?
True
Is 140/((-56)/(-4)) - -58813 composite?
True
Suppose 70*d = 80*d - 127230. Is d a composite number?
True
Let u(v) = 114548*v**2 + 22*v - 23. Is u(1) composite?
False
Let c(a) = 66*a**2 - 8*a - 18. Let k be c(-9). Let p = k + -2277. Suppose p = 4*y + 5*y. Is y a composite number?
False
Suppose 2*i - t - 176 = -39, -i = 3*t - 86. Let u = -62 + i. Suppose -2*f + u*f = 31549. Is f a prime number?
True
Suppose 2*l = 2*o + 12 - 4, 2*l + o - 8 = 0. Suppose -4*p + 10935 = p + l*m, -5*p + 10890 = -5*m. Is p a composite number?
True
Let t = 65 + -56. Let o be t/(-3) + (-9)/3. Let q(j) = -10*j + 5. Is q(o) composite?
True
Let i(w) = 2*w + 8. Let b be i(-2). Suppose 0*g - 8 = -2*a + 4*g, -11 = -b*a + 3*g. Is (1686 - -16)*1/a a composite number?
True
Let u(b) = -552445*b - 644. Is u(-1) a composite number?
False
Suppose 91*x - 2527764 = -61*x - 52*x. Is x a composite number?
False
Let n = 61771 - 26712. Is n a prime number?
True
Let x(o) = 233*o - 47. Let c be x(7). Suppose 0 = 3*b + r - 6050, -2*b + r = -c - 2451. Is b prime?
True
Suppose d - 6*d + 15 = 0. Suppose 0 = -b - 6*n + d*n + 242, 3*n + 1264 = 5*b. Is b prime?
True
Suppose 5*h + a = 5*a + 360817, -3*h - 5*a = -216468. Is h a prime number?
True
Let o(r) = 3*r**2 - 8*r + 19. Let n be o(7). Let z = n - -249. Let g = -18 + z. Is g a prime number?
False
Let v(z) = 417*z**2 + 25*z + 6. Let i be v(-10). Suppose 5*s = 21*s - i. Is s a prime number?
True
Suppose 2*h = 11*h - 27. Suppose 9*l - 14*l + 148951 = -h*g, -3*l + 5*g = -89377. Is l composite?
False
Suppose 47*k = 39*k + 24. Suppose 0 = -2*s - 1 + 9, k*z - 4*s = 2429. Is z a prime number?
False
Suppose 30*d - 16 = 26*d. Let i(w) be the third derivative of 45*w**4/8 + w**3/6 + 8*w**2. Is i(d) a prime number?
True
Let x = -758783 + 1151865. Is x composite?
